{"id":3,"date":"2025-12-31T16:06:49","date_gmt":"2025-12-31T16:06:49","guid":{"rendered":"https:\/\/pmcranio.de\/?page_id=3"},"modified":"2026-04-01T15:46:02","modified_gmt":"2026-04-01T15:46:02","slug":"privacy-policy","status":"publish","type":"page","link":"https:\/\/pmcranio.de\/?page_id=3","title":{"rendered":"Datenschutzerkl\u00e4rung"},"content":{"rendered":"\t\t<div data-elementor-type=\"wp-page\" data-elementor-id=\"3\" class=\"elementor elementor-3\">\n\t\t\t\t<div class=\"elementor-element elementor-element-a244896 e-flex e-con-boxed e-con e-parent\" data-id=\"a244896\" data-element_type=\"container\" data-e-type=\"container\">\n\t\t\t\t\t<div class=\"e-con-inner\">\n\t\t\t\t<div class=\"elementor-element elementor-element-f72e6f6 elementor-widget elementor-widget-text-editor\" data-id=\"f72e6f6\" data-element_type=\"widget\" data-e-type=\"widget\" data-widget_type=\"text-editor.default\">\n\t\t\t\t\t\t\t\t\t<p><b>Datenschutzerkl\u00e4rung<\/b><\/p>\n<p>f\u00fcr die Cranio-Sacral-Praxis \u201aCranio \u2013 Entspannung &amp; Energie\u2018<\/p>\n<p>\u00a0<\/p>\n<p style=\"text-align: left;\"><b>Verantwortliche Stelle<\/b><\/p>\n<p>Verantwortlich f\u00fcr die Verarbeitung Ihrer personenbezogenen Daten ist:<\/p>\n<p>\u00a0<\/p>\n<p><b>Petra Mitaritonna<\/b><br \/>Sch\u00fctte-Lanz-Str. 2<br \/>68782 Br\u00fchl<br \/>Telefon: 0152 0160 9758<br \/>E-Mail: petramitaritonna@yahoo.de<\/p>\n<p>\u00a0<\/p>\n<p><b>Allgemeines zur Datenverarbeitung<\/b><\/p>\n<p>Der Schutz Ihrer pers\u00f6nlichen Daten ist uns ein wichtiges Anliegen. Wir verarbeiten Ihre personenbezogenen Daten ausschlie\u00dflich im Rahmen der gesetzlichen Bestimmungen der Datenschutz-Grundverordnung (DSGVO) sowie des Bundesdatenschutzgesetzes (BDSG).<\/p>\n<p>Personenbezogene Daten sind alle Daten, mit denen Sie pers\u00f6nlich identifiziert werden k\u00f6nnen.<\/p>\n<p>\u00a0<\/p>\n<p><b>Erhebung und Verarbeitung personenbezogener Daten<\/b><\/p>\n<p>Wir verarbeiten personenbezogene Daten nur, soweit dies f\u00fcr die Durchf\u00fchrung der cranio-sacralen Behandlung, zur Terminverwaltung oder zur Erf\u00fcllung gesetzlicher Pflichten erforderlich ist.<\/p>\n<p>Dies umfasst insbesondere:<\/p>\n<ul>\n<li>Name, Anschrift, Kontaktdaten<\/li>\n<li>Geburtsdatum<\/li>\n<li>Gesundheitsbezogene Angaben (Anamnese, Behandlungsverlauf)<\/li>\n<li>Termin- und Abrechnungsdaten<\/li>\n<\/ul>\n<p>Die Verarbeitung erfolgt auf Grundlage von <b>Art. 6 Abs. 1 <\/b><b>lit<\/b><b>. b DSGVO<\/b> (Vertragserf\u00fcllung) sowie <b>Art. 9 Abs. 2 <\/b><b>lit<\/b><b>. h DSGVO<\/b> (Verarbeitung von Gesundheitsdaten).<\/p>\n<p>\u00a0<\/p>\n<p><b>Gesundheitsdaten<\/b><\/p>\n<p>Im Rahmen der cranio-sacralen Behandlung werden besondere Kategorien personenbezogener Daten (Gesundheitsdaten) erhoben und verarbeitet.<br \/>Diese Daten unterliegen einer besonderen Vertraulichkeit und werden ausschlie\u00dflich zum Zweck der Behandlung verwendet.<\/p>\n<p>Eine Weitergabe an Dritte erfolgt <b>nur mit Ihrer ausdr\u00fccklichen Einwilligung<\/b> oder aufgrund gesetzlicher Verpflichtungen.<\/p>\n<p>\u00a0<\/p>\n<p><b>Weitergabe von Daten an Dritte<\/b><\/p>\n<p>Ihre Daten werden grunds\u00e4tzlich <b>nicht an Dritte weitergegeben<\/b>, au\u00dfer:<\/p>\n<ul>\n<li>Sie haben ausdr\u00fccklich eingewilligt<\/li>\n<li>Es besteht eine gesetzliche Verpflichtung<\/li>\n<li>Es ist zur Abrechnung oder Erf\u00fcllung des Behandlungsvertrags notwendig<\/li>\n<\/ul>\n<p>\u00a0<\/p>\n<p><b>Aufbewahrung und L\u00f6schung der Daten<\/b><\/p>\n<p>Ihre personenbezogenen Daten werden nur so lange gespeichert, wie es f\u00fcr die Behandlung und die gesetzlichen Aufbewahrungspflichten erforderlich ist.<br \/>Nach Ablauf der Fristen werden die Daten ordnungsgem\u00e4\u00df gel\u00f6scht oder vernichtet.<\/p>\n<p>\u00a0<\/p>\n<p><b>Ihre Rechte<\/b><\/p>\n<p>Sie haben jederzeit das Recht auf:<\/p>\n<ul>\n<li>Auskunft \u00fcber Ihre gespeicherten Daten (Art. 15 DSGVO)<\/li>\n<li>Berichtigung unrichtiger Daten (Art. 16 DSGVO)<\/li>\n<li>L\u00f6schung Ihrer Daten (Art. 17 DSGVO)<\/li>\n<li>Einschr\u00e4nkung der Verarbeitung (Art. 18 DSGVO)<\/li>\n<li>Daten\u00fcbertragbarkeit (Art. 20 DSGVO)<\/li>\n<li>Widerruf erteilter Einwilligungen (Art. 7 Abs. 3 DSGVO)<\/li>\n<\/ul>\n<p>Zudem haben Sie das Recht, sich bei einer zust\u00e4ndigen Datenschutzaufsichtsbeh\u00f6rde zu beschweren.<\/p>\n<p>\u00a0<\/p>\n<p><b>Vertraulichkeit und Schweigepflicht<\/b><\/p>\n<p>Alle im Rahmen der Behandlung erhobenen Informationen unterliegen der therapeutischen Schweigepflicht und werden vertraulich behandelt.<\/p>\n<p>\u00a0<\/p>\n<p><b>Datensicherheit<\/b><\/p>\n<p>Wir treffen angemessene technische und organisatorische Ma\u00dfnahmen, um Ihre personenbezogenen Daten vor Verlust, Manipulation oder unbefugtem Zugriff zu sch\u00fctzen.<\/p>\n<p>\u00a0<\/p>\n<p><b>\u00c4nderungen der Datenschutzerkl\u00e4rung<\/b><\/p>\n<p>Wir behalten uns vor, diese Datenschutzerkl\u00e4rung bei Bedarf anzupassen, um sie an aktuelle rechtliche Anforderungen oder \u00c4nderungen unserer Leistungen anzupassen.<\/p>\n<p><b>Stand:<\/b> M\u00e4rz 2026<\/p>\t\t\t\t\t\t\t\t<\/div>\n\t\t\t\t\t<\/div>\n\t\t\t\t<\/div>\n\t\t\t\t<\/div>\n\t\t","protected":false},"excerpt":{"rendered":"<p>Datenschutzerkl\u00e4rung f\u00fcr die Cranio-Sacral-Praxis \u201aCranio \u2013 Entspannung &amp; Energie\u2018 \u00a0 Verantwortliche Stelle Verantwortlich f\u00fcr die Verarbeitung Ihrer personenbezogenen Daten ist: \u00a0 Petra MitaritonnaSch\u00fctte-Lanz-Str. 268782 Br\u00fchlTelefon: 0152 0160 9758E-Mail: petramitaritonna@yahoo.de \u00a0 Allgemeines zur Datenverarbeitung Der Schutz Ihrer pers\u00f6nlichen Daten ist uns ein wichtiges Anliegen. Wir verarbeiten Ihre personenbezogenen Daten ausschlie\u00dflich im Rahmen der gesetzlichen Bestimmungen der [&hellip;]<\/p>\n","protected":false},"author":1,"featured_media":0,"parent":14,"menu_order":1,"comment_status":"closed","ping_status":"closed","template":"","meta":{"footnotes":""},"class_list":["post-3","page","type-page","status-publish","hentry"],"_links":{"self":[{"href":"https:\/\/pmcranio.de\/index.php?rest_route=\/wp\/v2\/pages\/3","targetHints":{"allow":["GET"]}}],"collection":[{"href":"https:\/\/pmcranio.de\/index.php?rest_route=\/wp\/v2\/pages"}],"about":[{"href":"https:\/\/pmcranio.de\/index.php?rest_route=\/wp\/v2\/types\/page"}],"author":[{"embeddable":true,"href":"https:\/\/pmcranio.de\/index.php?rest_route=\/wp\/v2\/users\/1"}],"replies":[{"embeddable":true,"href":"https:\/\/pmcranio.de\/index.php?rest_route=%2Fwp%2Fv2%2Fcomments&post=3"}],"version-history":[{"count":30,"href":"https:\/\/pmcranio.de\/index.php?rest_route=\/wp\/v2\/pages\/3\/revisions"}],"predecessor-version":[{"id":755,"href":"https:\/\/pmcranio.de\/index.php?rest_route=\/wp\/v2\/pages\/3\/revisions\/755"}],"up":[{"embeddable":true,"href":"https:\/\/pmcranio.de\/index.php?rest_route=\/wp\/v2\/pages\/14"}],"wp:attachment":[{"href":"https:\/\/pmcranio.de\/index.php?rest_route=%2Fwp%2Fv2%2Fmedia&parent=3"}],"curies":[{"name":"wp","href":"https:\/\/api.w.org\/{rel}","templated":true}]}}